 3 and 33521732.
1
What is the greatest common divisor of 20152146 and 84?
42
What is the highest common divisor of 4830924 and 32079?
867
Calculate the greatest common divisor of 27369568 and 8384.
4192
Calculate the highest common factor of 2338086 and 1388.
694
Calculate the highest common divisor of 37399000 and 70280.
10040
Calculate the greatest common factor of 855 and 4307175.
45
Calculate the highest common divisor of 11182576 and 161968.
848
Calculate the highest common factor of 156 and 6304727.
13
What is the greatest common factor of 162620 and 2811070?
470
Calculate the greatest common factor of 74500776 and 23128.
392
Calculate the highest common factor of 210083978 and 598.
598
What is the highest common divisor of 17357965 and 20705?
205
Calculate the greatest common factor of 3467214 and 526536.
1278
Calculate the highest common factor of 13 and 483928757.
13
Calculate the highest common divisor of 20264488 and 1368.
152
Calculate the highest common divisor of 40 and 72885272.
8
Calculate the highest common divisor of 5704 and 18725496.
184
Calculate the highest common factor of 46216 and 22014948.
436
Calculate the highest common divisor of 8645368 and 752.
376
What is the greatest common divisor of 2337820 and 100450?
410
Calculate the greatest common divisor of 1017 and 1914561.
9
What is the greatest common divisor of 115106 and 47168?
134
What is the greatest common factor of 18775263 and 78?
39
What is the highest common divisor of 8786060 and 740?
20
What is the highest common factor of 190493 and 1781512?
2683
Calculate the greatest common divisor of 12953402 and 132.
22
Calculate the highest common divisor of 172 and 10691090.
86
What is the greatest common factor of 150 and 8669910?
30
Calculate the greatest common factor of 6588 and 557577.
27
Calculate the greatest common divisor of 16744800 and 7800.
600
What is the greatest common factor of 110716 and 620756?
1244
Calculate the greatest common factor of 350 and 7400800.
50
Calculate the highest common factor of 11166 and 3504.
6
Calculate the greatest common factor of 135936 and 51712.
256
Calculate the highest common divisor of 3093 and 5739.
3
What is the greatest common factor of 56463 and 77517?
957
What is the greatest common divisor of 3496029 and 15785?
41
What is the highest common factor of 57468306 and 3450?
138
What is the greatest common divisor of 2381 and 18038456?
2381
What is the greatest common divisor of 926775 and 11475?
675
Calculate the highest common factor of 4792186 and 28.
14
What is the greatest common divisor of 369804 and 2712?
12
Calculate the greatest common factor of 37992 and 8988.
12
Calculate the highest common divisor of 4211443 and 215876.
1861
Calculate the highest common divisor of 9225 and 14639175.
225
Calculate the greatest common divisor of 7451 and 841597901.
7451
Calculate the highest common factor of 3135762 and 162.
18
Calculate the greatest common factor of 277853904 and 96.
48
Calculate the highest common factor of 218 and 21308301.
109
Calculate the highest common factor of 8190 and 2251431.
819
What is the highest common divisor of 26367406 and 494?
26
Calculate the greatest common factor of 52 and 1057663932.
52
What is the highest common divisor of 30585 and 88215?
15
What is the highest common divisor of 329238498 and 3249?
1083
Calculate the highest common factor of 48164216 and 113.
113
What is the greatest common divisor of 2355 and 279095?
5
What is the highest common factor of 322 and 379697731?
161
What is the greatest common factor of 357148 and 528?
44
What is the greatest common divisor of 987343 and 119?
119
Calculate the greatest common factor of 246759216 and 41608.
5944
Calculate the greatest common factor of 57825 and 30525175.
6425
Calculate the greatest common factor of 32770 and 2810.
10
Calculate the highest common divisor of 290613461 and 332.
83
What is the highest common factor of 2108482188 and 204?
204
Calculate the highest common divisor of 589 and 4150835.
19
Calculate the greatest common factor of 223307 and 3220.
161
What is the highest common factor of 212439 and 2451?
57
What is the greatest common factor of 662 and 9602?
2
What is the greatest common divisor of 440597538 and 2781?
927
What is the greatest common factor of 3016913 and 6884?
1721
Calculate the highest common factor of 61888 and 1363470.
1934
What is the greatest common factor of 37150 and 2200?
50
What is the greatest common divisor of 232353597 and 2233?
203
Calculate the highest common divisor of 1578573 and 81.
9
Calculate the highest common factor of 34425 and 4631820.
255
Calculate the greatest common divisor of 83270353 and 3005.
601
Calculate the highest common divisor of 4480 and 21336.
56
Calculate the highest common factor of 407 and 30976178.
37
Calculate the greatest common factor of 4876 and 191351306.
2438
What is the highest common factor of 2264 and 1447262?
566
Calculate the greatest common factor of 1835 and 4034431.
367
Calculate the greatest common divisor of 770244 and 60.
12
Calculate the highest common divisor of 9111704 and 24.
8
Calculate the greatest common divisor of 9585200 and 250.
50
Calculate the highest common divisor of 11721485 and 115.
5
What is the greatest common factor of 1176048 and 846?
18
What is the highest common factor of 915 and 864882705?
915
What is the greatest common divisor of 55 and 2462812?
11
What is the greatest common factor of 11238526 and 5694?
26
Calculate the greatest common divisor of 704 and 1142144.
64
What is the greatest common factor of 4 and 109978960?
4
What is the highest common divisor of 4331679 and 27588?
363
What is the greatest common factor of 40621365 and 179?
179
What is the greatest common factor of 1389922 and 5782?
118
What is the highest common divisor of 1632 and 70654992?
816
Calculate the greatest common divisor of 638509 and 1850.
37
What is the highest common factor of 2488344 and 39?
3
Calculate the highest common divisor of 71499 and 273.
3
What is the greatest common divisor of 1541 and 3615588?
67
What is the highest common divisor of 320 and 69557440?
320
What is the greatest common divisor of 17374 and 12151872?
2482
Calculate the greatest common factor of 962430 and 9240.
210
Calculate the highest common factor of 14175 and 1415225.
175
Calculate the greatest common factor of 1156 and 123346356.
1156
What is the greatest common factor of 164742318 and 234?
234
What is the highest common divisor of 2072637 and 3213?
63
Calculate the greatest common divisor of 291678 and 270041.
281
What is the highest common divisor of 67093 and 604682?
169
Calculate the greatest common divisor of 122364126 and 9.
9
What is the greatest common divisor of 297013 and 14648318?
1297
What is the greatest common factor of 54 and 514032?
6
What is the highest common factor of 7304066 and 64?
2
Calculate the greatest common divisor of 4776 and 155547753.
597
Calculate the highest common divisor of 74 and 188612051.
37
Calculate the greatest common factor of 422202 and 858.
66
What is the highest common divisor of 24657380 and 99935?
1265
Calculate the highest common factor of 478080 and 1801344.
384
Calculate the highest common divisor of 104 and 12004291.
13
What is the greatest common factor of 8 and 4364872?
8
Calculate the highest common divisor of 2263 and 5913.
73
What is the highest common divisor of 192 and 5343360?
192
Calculate the greatest common factor of 3601246 and 814.
22
What is the highest common divisor of 15777 and 29709?
9
What is the greatest common divisor of 26621826 and 2772?
462
What is the greatest common divisor of 20 and 1107301?
1
Calculate the highest common divisor of 32728239 and 16290.
1629
Calculate the greatest common factor of 1170 and 5614362.
234
What is the greatest common factor of 320665642 and 1983?
661
What is the greatest common divisor of 745523 and 13351?
79
Calculate the highest common factor of 23033975 and 3625.
725
What is the greatest common divisor of 7884 and 9210483?
1971
Calculate the highest common divisor of 18485471 and 139.
139
What is the highest common divisor of 6505760 and 16352?
2336
Calculate the greatest common factor of 1798 and 8372914.
62
Calculate the greatest common divisor o